mmon factor of u and 77.
7
Suppose 5*i - 8 = -48. Let y = i + 21. What is the greatest common divisor of 52 and y?
13
Let y(j) = 52*j - 16. Let p be y(5). Calculate the greatest common factor of p and 61.
61
Let k = -5 - -12. Suppose k = -5*f - 13, d = 5*f + 33. Let m be (6/(-10))/((-6)/390). Calculate the greatest common factor of d and m.
13
Suppose -3*o = -2*o. Suppose 3*h - 25 = -r, h - 2*r - 20 = -o*h. Let a(q) = 25*q**3 - q**2 + 1. Let t be a(1). What is the greatest common factor of t and h?
5
Suppose b - 3*b + 6 = 0. Suppose -b*u = -0*u - 90. Let i = 45 + -30. What is the greatest common factor of u and i?
15
Suppose -3*q + 0*q + n = 46, 58 = -3*q - 5*n. Let j = -20 + 44. Let g = j + q. What is the highest common factor of g and 32?
8
Suppose 4*s = g - 7, 22 = 4*g - 5*s + 5. Let t = 29 + -21. Let o be 2/6*(-2 + t). What is the highest common divisor of g and o?
1
Let b(x) be the first derivative of 5/2*x**2 + 2 - x. Let z be b(2). Calculate the highest common divisor of 1 and z.
1
Suppose -26 = -2*k + 4*a, 4*k + 0*a - 4*a = 44. Let s = 72 - 36. Calculate the highest common divisor of k and s.
9
Let v = 21 - 13. Let p be (-12)/v*(-8)/6. Calculate the greatest common factor of 6 and p.
2
Let v(h) = h**3 + 3*h + 22. Let g be v(0). What is the highest common factor of 198 and g?
22
Let z be 1 + 1/((-1)/(-98)). Let b be (-5)/(-2)*(-18)/(-5). What is the highest common divisor of b and z?
9
Let r be ((-1815)/(-6))/(-5)*-4. Let w = 29 + -7. What is the highest common factor of w and r?
22
Suppose 2*f + 5*w = 4*w + 59, -f = -4*w - 52. Suppose 2*k + 3*k + 30 = 5*h, -5*h + 3*k = -f. What is the greatest common divisor of 14 and h?
7
Suppose v + 22 = 3*v. Let q = 25 - v. What is the highest common divisor of q and 154?
14
Suppose 4*r + 84 = 5*r. Calculate the highest common divisor of r and 21.
21
Let d = -89 - -105. Let j(k) = k**3 - k**2 - 6*k. Let t be j(6). What is the highest common factor of d and t?
16
Suppose i + 143 = 2*y, -y + 3*i = -0*y - 79. Calculate the highest common divisor of 14 and y.
14
Let x(d) = 2*d. Let l be x(1). Let g = 14 - 11. Calculate the highest common factor of l and g.
1
Let y = -19 - -22. Let n = -8 + 35. Suppose t + 0*t - n = 0. Calculate the highest common divisor of y and t.
3
Suppose 0 = -4*t + 69 + 27. What is the greatest common factor of t and 40?
8
Let b = 3 + -3. Let s = b + -4. Let p = -2 - s. What is the highest common divisor of 5 and p?
1
Suppose 0 = -0*l - 3*l, -f + 2*l = 0. Let j(x) = -x**3 - x**2 - x + 20. Let u be j(f). What is the highest common factor of u and 20?
20
Let t(k) = k**3 - 7*k**2 + 9*k - 3. Suppose 0 = -2*u + 6*u - 24. Let z be t(u). What is the highest common factor of z and 3?
3
Let h(x) be the second derivative of -7/12*x**4 - 9/2*x**2 + 1/20*x**5 + 0 + 1/3*x**3 - x. Let i be h(7). What is the highest common divisor of 15 and i?
5
Suppose 0 = 2*g - 5*i - 71, -5*g + 2*i = -g - 150. Calculate the greatest common factor of g and 19.
19
Let s = -1 - 6. Let w = 29 + s. Calculate the greatest common divisor of 44 and w.
22
Let k be 2/(3*(-2)/(-6)). Suppose -1 = -k*f + 3. Let p be (-3)/(-6) + 13/f. What is the highest common divisor of p and 7?
7
Let s(d) = -27*d - 2. Let f be s(2). Let t be ((-231)/(-14))/((-6)/f). Calculate the greatest common divisor of t and 14.
14
Let j = 5 + -8. Suppose 0*c - c = 0. Let p be (-3)/j*c + 4. Calculate the highest common factor of 10 and p.
2
Let t = 16 - 15. Let s = 4 + -2. What is the greatest common factor of t and s?
1
Let j = -26 - -31. Calculate the greatest common factor of j and 5.
5
Let x = 59 - 31. Suppose 4*w + 0*w - 64 = 0. Let d be (-1 + 4)*w/12. What is the highest common divisor of d and x?
4
Let z = -33 + 53. What is the greatest common factor of 220 and z?
20
Let x = -4 - -7. Let u be (x + 0)*(-80)/(-30). Calculate the highest common factor of 64 and u.
8
Let t(k) = 3*k. Let n be t(11). Suppose 3*q - n = -0*q. What is the greatest common divisor of 99 and q?
11
Let n = -3 - -6. Suppose j - 18 = -5*l, 5*l + 0*l + 74 = n*j. Calculate the highest common divisor of 46 and j.
23
Let c(j) = -14*j + 4. Let i be c(-8). Suppose -2*p + i = 2*p. Let k = p - 14. What is the highest common factor of k and 15?
15
Let v = 8 + -6. Let u(b) = 2*b**2 + 3*b - 3. Let q be u(v). Suppose 2*c + 3*s = -10, -c - 2*s + 13 = -5*s. Calculate the highest common factor of c and q.
1
Let u = 20 + 228. Calculate the greatest common factor of 31 and u.
31
Let y be 3/9 - (-825)/9. Let g be (-5)/((-15)/6) + 21. What is the greatest common divisor of g and y?
23
Suppose -b + 4*g = -0*b - 65, 0 = -2*b - 4*g + 178. Suppose 4*a - 2*y - 18 = 22, 16 = 2*a + y. What is the greatest common factor of b and a?
9
Suppose 4*w + 3 - 11 = 0. Suppose b + 4*n - 54 = 0, b - 5*n - 230 = -w*b. What is the highest common factor of 28 and b?
14
Let j be ((-25)/3)/((-2)/24). Let v = 27 + -17. Calculate the highest common factor of v and j.
10
Let c = 2 + 11. What is the highest common factor of c and 143?
13
Let u = 151 - 85. Let z(w) = -3*w. Let x be z(-2). What is the greatest common divisor of x and u?
6
Let j(z) = z - 3. Let q be j(6). Suppose 410 - 113 = q*i. Let w(x) = 8*x - 5. Let b be w(2). What is the greatest common divisor of b and i?
11
Let t be (8 + -4)/((-2)/2). Let d be 130/8 - t/(-16). Let y be (-6)/4*(-512)/6. What is the greatest common divisor of d and y?
16
Suppose 23 + 7 = 3*a. Calculate the highest common divisor of 110 and a.
10
Suppose 0 = 2*x - 3*c - 25, -2*x - c + 6*c + 35 = 0. Let s be (-5)/(x/(-7)) + -1. Calculate the highest common divisor of 6 and s.
6
Let o be (-3)/1*(-28)/(-21). Let r be 175/10 + (-2)/o. What is the highest common factor of 198 and r?
18
Suppose -19*k + 18 = 3*b - 22*k, 0 = 4*b + 5*k + 3. Suppose w - 2 = -w. Calculate the highest common divisor of b and w.
1
Let i = 10 + 16. Suppose j - 3*j = -i. Let s be (1/(-1) + 2)*26. What is the highest common divisor of s and j?
13
Suppose y = 2*o - 4*o + 44, -72 = -4*o + 2*y. Suppose 0 = -u + 6*u - 100. What is the greatest common divisor of o and u?
20
Let z = 528 - 376. Calculate the highest common divisor of 19 and z.
19
Suppose 0 = -3*b - 3*b + 630. Calculate the greatest common factor of 15 and b.
15
Let p(f) = -18*f + 1. Let v be p(-1). Suppose -s = 2*s + 4*x - v, 5*s - 13 = -2*x. Let n = 3 - s. What is the highest common factor of 8 and n?
2
Suppose -4*t - 3*l = -0*t - 4, -4*t + 3*l + 28 = 0. Calculate the highest common divisor of t and 4.
4
Let x = 24 + -62. Let w = x - -58. Suppose -2*k + 5 = 3*k, -4*i = 2*k - 642. What is the highest common factor of w and i?
20
Let o be (-5)/((25/(-15))/5). What is the highest common divisor of 3 and o?
3
Let y(d) = 6*d**2 + 2. Let h be y(2). What is the highest common divisor of h and 13?
13
Let j(c) = 6*c + 37. Let v be j(9). What is the highest common factor of 13 and v?
13
Suppose 0 = -4*x + 64. Suppose 0 = -5*t - 4*w + 37, 2*t - w = -3*w + x. Suppose -72 = -t*z - 2. Calculate the greatest common factor of z and 14.
14
Suppose 0 = 5*p - 9*p + 16. What is the highest common factor of 32 and p?
4
Let m be 8/20*10 - -16. What is the highest common factor of 5 and m?
5
Let v(s) = 51*s**3 - s**2 + 1. Let o be v(1). Calculate the greatest common divisor of o and 34.
17
Suppose 5*y - 23 = -8, -y - 17 = -5*u. Suppose 295 = 3*c + 5*m, -4*c - u*m = -3*c - 110. Calculate the greatest common divisor of 18 and c.
18
Suppose -2*s - 2*d = -4*s + 362, 5*d + 725 = 4*s. Let l be 2*1*(-9)/6. Let y be 43/2 - l/(-2). Calculate the greatest common divisor of s and y.
20
Suppose 32 = 5*o - 4*l, -2*o - l = 2*l + 1. Suppose -2*q - 166 = -5*w, -o*q - 20 + 8 = 0. Calculate the highest common divisor of w and 8.
8
Suppose f - 2*f + 5*k = -44, -3*k = 2*f - 101. Calculate the greatest common divisor of 7 and f.
7
Let f = 555 + -282. What is the highest common divisor of f and 21?
21
Let f be 2/6*(5 + 1). Suppose 3*y + 33 = 3*a, -37 = -2*a - 5*y + f*y. What is the highest common divisor of 112 and a?
14
Let l be ((-1)/6*-3)/(1/28). Calculate the greatest common factor of l and 14.
14
Suppose -3*h = -0*c - 2*c + 110, -2*c - 5*h = -110. What is the greatest common factor of 33 and c?
11
Suppose 4*m = -3*h - 27, 0*h = 3*h - 9. Let x be 6/(-2) + -2 + 0. Let y = x - m. What is the high